nds digit of 17436?
7
What is the tens digit of 777?
7
What is the hundreds digit of 187?
1
What is the units digit of 840?
0
What is the thousands digit of 60125?
0
What is the thousands digit of 4148?
4
What is the ten thousands digit of 31682?
3
What is the units digit of 2879?
9
What is the thousands digit of 1663?
1
What is the units digit of 22466?
6
What is the tens digit of 53226?
2
What is the hundreds digit of 21147?
1
What is the hundreds digit of 6024?
0
What is the hundreds digit of 5677?
6
What is the thousands digit of 6875?
6
What is the hundreds digit of 5696?
6
What is the units digit of 10016?
6
What is the hundreds digit of 23835?
8
What is the thousands digit of 3043?
3
What is the tens digit of 2695?
9
What is the hundreds digit of 2080?
0
What is the hundreds digit of 482?
4
What is the hundreds digit of 8071?
0
What is the tens digit of 419?
1
What is the hundreds digit of 917?
9
What is the hundreds digit of 6791?
7
What is the hundreds digit of 24512?
5
What is the units digit of 905?
5
What is the units digit of 6921?
1
What is the tens digit of 49116?
1
What is the thousands digit of 5950?
5
What is the thousands digit of 145650?
5
What is the hundreds digit of 8211?
2
What is the ten thousands digit of 38015?
3
What is the units digit of 34562?
2
What is the units digit of 437?
7
What is the tens digit of 19716?
1
What is the thousands digit of 2017?
2
What is the ten thousands digit of 75399?
7
What is the hundreds digit of 327?
3
What is the hundreds digit of 3669?
6
What is the units digit of 790?
0
What is the hundreds digit of 57802?
8
What is the hundreds digit of 900?
9
What is the units digit of 2140?
0
What is the thousands digit of 1796?
1
What is the units digit of 58840?
0
What is the tens digit of 461?
6
What is the hundreds digit of 654?
6
What is the thousands digit of 2220?
2
What is the tens digit of 517?
1
What is the tens digit of 276?
7
What is the hundred thousands digit of 174970?
1
What is the hundreds digit of 6700?
7
What is the hundreds digit of 388?
3
What is the thousands digit of 19635?
9
What is the tens digit of 7960?
6
What is the units digit of 3124?
4
What is the thousands digit of 84326?
4
What is the units digit of 1678?
8
What is the units digit of 4211?
1
What is the ten thousands digit of 29236?
2
What is the tens digit of 50?
5
What is the thousands digit of 3284?
3
What is the units digit of 547?
7
What is the hundreds digit of 54606?
6
What is the tens digit of 33064?
6
What is the ten thousands digit of 17080?
1
What is the tens digit of 13591?
9
What is the hundreds digit of 616?
6
What is the thousands digit of 34552?
4
What is the thousands digit of 58277?
8
What is the hundreds digit of 8308?
3
What is the tens digit of 2568?
6
What is the thousands digit of 37195?
7
What is the thousands digit of 13800?
3
What is the units digit of 9727?
7
What is the tens digit of 2178?
7
What is the hundreds digit of 3349?
3
What is the hundreds digit of 4140?
1
What is the tens digit of 46298?
9
What is the hundreds digit of 2437?
4
What is the tens digit of 2043?
4
What is the ten thousands digit of 30776?
3
What is the units digit of 794?
4
What is the hundreds digit of 15043?
0
What is the tens digit of 1450?
5
What is the hundreds digit of 1176?
1
What is the units digit of 17819?
9
What is the thousands digit of 3827?
3
What is the hundreds digit of 2534?
5
What is the units digit of 529?
9
What is the tens digit of 2866?
6
What is the ten thousands digit of 17099?
1
What is the hundreds digit of 4267?
2
What is the ten thousands digit of 18523?
1
What is the units digit of 40429?
9
What is the hundreds digit of 16422?
4
What is the hundreds digit of 360?
3
What is the tens digit of 39950?
5
What is the tens digit of 10700?
0
What is the hundreds digit of 999?
9
What is the units digit of 42496?
6
What is the units digit of 337?
7
What is the tens digit of 8221?
2
What is the ten thousands digit of 161700?
6
What is the hundreds digit of 8937?
9
What is the thousands digit of 15680?
5
What is the tens digit of 57928?
2
What is the units digit of 5341?
1
What is the units digit of 87722?
2
What is the units digit of 104540?
0
What is the hundreds digit of 201?
2
What is the thousands digit of 45864?
5
What is the tens digit of 437?
3
What is the hundreds digit of 957?
9
What is the thousands digit of 3513?
3
What is the ten thousands digit of 35003?
3
What is the hundreds digit of 3000?
0
What is the hundreds digit of 902?
9
What is the tens digit of 6561?
6
What is the tens digit of 2411?
1
What is the hundreds digit of 5408?
4
What is the units digit of 73782?
2
What is the hundreds digit of 11261?
2
What is the thousands digit of 5479?
5
What is the thousands digit of 23904?
3
What is the ten thousands digit of 60571?
6
What is the hundreds digit of 148487?
4
What is the thousands digit of 74997?
4
What is the units digit of 885?
5
What is the units digit of 1052?
2
What is the hundreds digit of 2226?
2
What is the hundreds digit of 527?
5
What is the units digit of 7639?
9
What is the hundreds digit of 727?
7
What is the tens digit of 27403?
0
What is the units digit of 4254?
4
What is the thousands digit of 2137?
2
What is the hundred thousands digit of 122336?
1
What is the tens digit of 1379?
7
What is the ten thousands digit of 83481?
8
What is the units digit of 2310?
0
What is the thousands digit of 76358?
6
What is the units digit of 66?
6
What is the hundreds digit of 2214?
2
What is the units digit of 2282?
2
What is the thousands digit of 1967?
1
What is the tens digit of 2441?
4
What is the units digit of 5603?
3
What is the thousands digit of 48496?
8
What is the hundred thousands digit of 130674?
1
What is the units digit of 1152?
2
What is the thousands digit of 2554?
2
What is the hundreds digit of 3492?
4
What is the thousands digit of 22335?
2
What is the units digit of 4066?
6
What is the tens digit of 266?
6
What is the tens digit of 1051?
5
What is the tens digit of 12582?
8
What is the units digit of 257?
7
What is the units digit of 26775?
5
What is the hundreds digit of 101058?
0
What is the units digit of 6961?
1
What is the thousands digit of 1107?
1
What is the thousands digit of 17855?
7
What is the units digit of 7941?
1
What is the units digit of 2481?
1
What is the tens digit of 1655?
5
What is the hundreds digit of 254?
2
What is the units digit of 2203?
3
What is the units digit of 5566?
6
What is the hundreds digit of 10391?
3
What is the tens digit of 655?
5
What is the units digit of 1708?
8
What is the hundreds digit of 20039?
0
What is the thousands digit of 33073?
3
What is the tens digit of 5730?
3
What is the hundreds digit of 7083?
0
What is the thousands digit of 5763?
5
What is the units digit of 447?
7
What is the hundreds digit of 10229?
2
What is the thousands digit of 4749?
4
What is the tens digit of 4130?
3
What is the ten thousands digit of 52664?
5
What is the tens digit of 12358?
5
What is the tens digit of 3569?
6
What is the hundreds digit of 15941?
9
What is the units digit of 2318?
8
What is the ten thousands digit of 22541?
2
What is the units digit of 337?
7
What is the hundreds digit of 210?
2
What is the hundreds digit of 1796?
7
What is the thousands digit of 2629?
2
What is the units digit of 122924?
4
What is the tens digit of 11564?
6
What is the hundreds digit of 309?
3
What is the hundreds digit of 8067?
0
What is the thousands digit of 1807?
1
What is the hundreds digit of 5624?
6
What is the units digit of 84?
4
What is the hundreds digit of 69564?
5
What is the tens digit of 25?
2
What is the thousands digit of 1021?
1
What is the hundreds digit of 3516?
5
What is the units digit of 70759?
9
What is the hundreds digit of 6682?
6
What is the tens digit of 64415?
1
What is the units digit of 117242?
2
What is the hundreds digit of 27897?
8
What is the thousands digit of 8239?
8
What is the hundreds digit of 31746?
7
What is the units digit of 2878?
8
What is the tens digit of 6853?
5
What is the thousands digit of 2327?
2
What is the tens digit of 548?
4
What is the tens digit of 1369?
6
What is the hundreds digit of 3139?
1
What is the tens digit of 191?
9
What is the hundreds digit of 68940?
9
What is